{"id":2824242,"date":"2025-07-27T21:24:10","date_gmt":"2025-07-27T12:24:10","guid":{"rendered":"https:\/\/akbd.jp\/?product=ltc-fpfloor-op%e9%a1%94%e8%aa%8d%e8%a8%bc%e3%82%b3%e3%83%8d%e3%82%af%e3%83%88%e3%83%87%e3%83%90%e3%82%a4%e3%82%b9ii-ltc-fpt50%e3%82%b7%e3%83%aa%e3%83%bc%e3%82%ba%e5%b0%82%e7%94%a8%e3%83%95%e3%83%ad"},"modified":"2025-08-12T06:53:57","modified_gmt":"2025-08-11T21:53:57","slug":"m-zlo-ltcfpfloorop","status":"publish","type":"product","link":"https:\/\/akbd.jp\/?product=m-zlo-ltcfpfloorop","title":{"rendered":"LTC-FPFLOOR\/OP<BR>\u9854\u8a8d\u8a3c\u30b3\u30cd\u30af\u30c8\u30c7\u30d0\u30a4\u30b9II\/LTC-FPT50\u30b7\u30ea\u30fc\u30ba\u5c02\u7528\u30d5\u30ed\u30a2\u30b9\u30bf\u30f3\u30c9<BR>\u30ed\u30b8\u30c6\u30c3\u30af\u3231"},"content":{"rendered":"<p>\u30e1\u30fc\u30ab\u30fc : \u30ed\u30b8\u30c6\u30c3\u30af\u3231<BR>\u5546\u54c1\u540d : \u9854\u8a8d\u8a3c\u30b3\u30cd\u30af\u30c8\u30c7\u30d0\u30a4\u30b9II\/LTC-FPT50\u30b7\u30ea\u30fc\u30ba\u5c02\u7528\u30d5\u30ed\u30a2\u30b9\u30bf\u30f3\u30c9<BR>\u30e1\u30fc\u30ab\u30fc\u578b\u756a : LTC-FPFLOOR\/OP<BR>JAN : 4580333624068<BR><BR>SKU : M-ZLO-LTCFPFLOOROP (ZLO-LTCFPFLOOROP)&#8221;<BR><BR><BR><BR><BR><\/p>\n<hr width=90% size=1><BR>\u30e1\u30fc\u30ab\u30fcURL : <a href=http:\/\/www.logitec.co.jp\/ target = new>http:\/\/www.logitec.co.jp\/<\/a><BR>\u5546\u54c1URL : <a href=https:\/\/logitec.co.jp\/products\/thermalcamera\/ltcfpt50ip\/index.php target = new>https:\/\/logitec.co.jp\/products\/thermalcamera\/ltcfpt50ip\/index.php<\/a><BR><BR>\u5546\u54c1\u8a73\u7d30 :<BR>\u25a0\u9854\u8a8d\u8a3c\u30b3\u30cd\u30af\u30c8\u30c7\u30d0\u30a4\u30b9(LTC-FPT50\/IP)\u3092\u5e8a\u306b\u7f6e\u3044\u3066\u5229\u7528\u3059\u308b\u5c02\u7528\u30d5\u30ed\u30a2\u30b9\u30bf\u30f3\u30c9\u3067\u3059\u3002 \u25a0\u5165\u9000\u5ba4\u7ba1\u7406\u3067\u4f7f\u7528\u3059\u308b\u5834\u5408\u306f\u3001\u30e9\u30a4\u30c8\u4ed8\u304d\u30a2\u30e9\u30fc\u30e0\u306e\u914d\u7dda\u3092\u3059\u308b\u3053\u3068\u3067\u3001\u56fa\u5b9a\u7528\u30d6\u30e9\u30b1\u30c3\u30c8\u304b\u3089\u9854\u8a8d\u8a3c\u30c7\u30d0\u30a4\u30b9\u304c\u53d6\u308a\u5916\u3055\u308c\u308b\u3068\u3001\u8b66\u544aLED\u306e\u70b9\u706f\u3068\u30a2\u30e9\u30fc\u30e0\u97f3\u3067\u5468\u56f2\u306b\u7570\u5e38\u3092\u77e5\u3089\u305b\u307e\u3059\u3002\u5408\u308f\u305b\u3066\u7ba1\u7406\u30bd\u30d5\u30c8\u3078\u30a2\u30e9\u30fc\u30e0\u60c5\u5831\u304c\u901a\u77e5\u30fb\u8a18\u9332\u3055\u308c\u307e\u3059\u3002 \u25a0\u203b\u52e4\u6020Push\u3067\u4f7f\u7528\u3059\u308b\u5834\u5408\u306f\u3001\u30a2\u30e9\u30fc\u30e0\u306e\u914d\u7dda\u3092\u884c\u308f\u306a\u3044\u3088\u3046\u306b\u3057\u3066\u304f\u3060\u3055\u3044\u3002 \u25a0\u7b50\u4f53\u6750\u8cea(\u30ab\u30e9\u30fc):\u9ed2(\u30dd\u30fc\u30eb&#038;\u30d9\u30fc\u30b9\u3068\u3082\u306b) \u25a0\u6750\u8cea:\u9244(\u30dd\u30fc\u30eb&#038;\u30d9\u30fc\u30b9\u3068\u3082\u306b) \u25a0\u8868\u9762\u52a0\u5de5:\u5857\u88c5 \u25a0\u9632\u5875\u30fb\u9632\u6c34\u30fb\u8010\u885d\u6483\u6027\u80fd:\u306a\u3057 \u25a0\u5916\u5f62\u5bf8\u6cd5:1350.0 x 440.0 x 265.0mm \u25a0\u91cd\u91cf:4.7kg \u25a0\u5171\u901a:\u540c\u68b1\u54c1:M3\u00d76mm Countersunk ScrewM4\u00d715mm Round Head Philips ScrewH5\u00d716mm Flange BoltM6 GasketM8\u00d780mm Expansion Bolt SetH5 Hexagon WrenchRubber Pad Set(Pad\u00d74)Liner Plate \u25a0\u5171\u901a:\u5099\u8003:\u203bRound head Phillips screw\u306f\u4e88\u5099\u3092\u542b\u3081\u30662\u500b\u4ed8\u5c5e\u3057\u307e\u3059\u3002\u203bRubber Pad Set(Pad\u00d74)\u306f\u4f7f\u7528\u3057\u307e\u305b\u3093\u3002\u203bLiner Plate\u306f\u5c02\u7528\u30d5\u30ed\u30a2\u30b9\u30bf\u30f3\u30c9\u3068\u5e8a\u306e\u63a5\u5730\u9762\u304c\u5b89\u5b9a\u3057\u306a\u3044\u5834\u5408\u3001\u5e8a\u5074\u306b\u7d20\u6750\u306b\u5fdc\u3058\u305f\u30cd\u30b8\u3092\u4f7f\u7528\u3057\u3066\u53d6\u308a\u4ed8\u3051\u307e\u3059\u3002 \u25a0\u68b1\u5305\u6642\u8cea\u91cf\/\u5bf8\u6cd5:317\u00d71385\u00d7162mm\/7.7kg(\u4e00\u500b\u68b1\u5305)<BR><BR>LTC-FPT50\/IP(\u9854\u8a8d\u8a3c\u30b3\u30cd\u30af\u30c8\u30c7\u30d0\u30a4\u30b9II)\u306e\u5c02\u7528\u30d5\u30ed\u30a2\u30b9\u30bf\u30f3\u30c9\u3067\u3059\u3002<BR><BR><\/p>\n<hr width=90% size=1><BR>\u5728\u5eab\u72b6\u6cc1 : \u304a\u53d6\u308a\u5bc4\u305b<BR><BR>\u6700\u5c0f\u53d7\u6ce8\u6570 : 1 <BR><BR><\/p>\n","protected":false},"excerpt":{"rendered":"<p>\u30e1\u30fc\u30ab\u30fc : \u30ed\u30b8\u30c6\u30c3\u30af\u3231\u5546\u54c1\u540d : \u9854\u8a8d\u8a3c\u30b3\u30cd\u30af\u30c8\u30c7\u30d0\u30a4\u30b9II\/LTC-FPT50\u30b7\u30ea\u30fc\u30ba\u5c02\u7528\u30d5\u30ed\u30a2\u30b9\u30bf\u30f3\u30c9\u30e1\u30fc\u30ab\u30fc\u578b\u756a : LTC-FPFLOOR\/OPJAN : 4580333624068SKU : M-ZLO-L [&hellip;]<\/p>\n","protected":false},"featured_media":0,"template":"","meta":[],"product_brand":[],"product_cat":[11501],"product_tag":[],"class_list":{"0":"post-2824242","1":"product","2":"type-product","3":"status-publish","5":"product_cat-11501","7":"first","8":"instock","9":"taxable","10":"shipping-taxable","11":"purchasable","12":"product-type-simple"},"_links":{"self":[{"href":"https:\/\/akbd.jp\/index.php?rest_route=\/wp\/v2\/product\/2824242","targetHints":{"allow":["GET"]}}],"collection":[{"href":"https:\/\/akbd.jp\/index.php?rest_route=\/wp\/v2\/product"}],"about":[{"href":"https:\/\/akbd.jp\/index.php?rest_route=\/wp\/v2\/types\/product"}],"wp:attachment":[{"href":"https:\/\/akbd.jp\/index.php?rest_route=%2Fwp%2Fv2%2Fmedia&parent=2824242"}],"wp:term":[{"taxonomy":"product_brand","embeddable":true,"href":"https:\/\/akbd.jp\/index.php?rest_route=%2Fwp%2Fv2%2Fproduct_brand&post=2824242"},{"taxonomy":"product_cat","embeddable":true,"href":"https:\/\/akbd.jp\/index.php?rest_route=%2Fwp%2Fv2%2Fproduct_cat&post=2824242"},{"taxonomy":"product_tag","embeddable":true,"href":"https:\/\/akbd.jp\/index.php?rest_route=%2Fwp%2Fv2%2Fproduct_tag&post=2824242"}],"curies":[{"name":"wp","href":"https:\/\/api.w.org\/{rel}","templated":true}]}}