{"id":2065383,"date":"2023-05-04T21:11:31","date_gmt":"2023-05-04T12:11:31","guid":{"rendered":"https:\/\/www.akbd.jp\/?product=m-zel-eldsdlb100ne"},"modified":"2025-02-27T17:19:51","modified_gmt":"2025-02-27T08:19:51","slug":"m-zel-eldsdlb100ne","status":"publish","type":"product","link":"https:\/\/akbd.jp\/?product=m-zel-eldsdlb100ne","title":{"rendered":"ELD-SDLB100NE<BR>2B3APB\u30fb2B4APG\u30fb2HE9P3\u7528\u30b9\u30da\u30a2\u30c9\u30e9\u30a4\u30d6\/Ironwolf Pro 3.5\u30a4\u30f3\u30c1\/10TB<BR>\u30a8\u30ec\u30b3\u30e0\u3231"},"content":{"rendered":"<p>\u30e1\u30fc\u30ab\u30fc : \u30a8\u30ec\u30b3\u30e0\u3231<BR>\u5546\u54c1\u540d : 2B3APB\u30fb2B4APG\u30fb2HE9P3\u7528\u30b9\u30da\u30a2\u30c9\u30e9\u30a4\u30d6\/Ironwolf Pro 3.5\u30a4\u30f3\u30c1\/10TB<BR>\u30e1\u30fc\u30ab\u30fc\u578b\u756a : ELD-SDLB100NE<BR>JAN : 4549550155632<BR><BR>SKU : M-ZEL-ELDSDLB100NE (ZEL-ELDSDLB100NE)&#8221;<BR><BR><BR><BR><BR><\/p>\n<hr width=90% size=1><BR>\u30e1\u30fc\u30ab\u30fcURL : <a href=https:\/\/www.elecom.co.jp\/ target = new>https:\/\/www.elecom.co.jp\/<\/a><BR>\u5546\u54c1URL : <a href=https:\/\/www.elecom.co.jp\/news\/new\/20191105-01\/index.html target = new>https:\/\/www.elecom.co.jp\/news\/new\/20191105-01\/index.html<\/a><BR><BR>\u5546\u54c1\u8a73\u7d30 :<BR>\u25a0LaCie 2big dock\/6big\/12big Thunderbolt3\u30b7\u30ea\u30fc\u30ba\u7528\u306e\u30b9\u30da\u30a2\u30c9\u30e9\u30a4\u30d6\u3067\u3059\u3002 \u25a0\u5bb9\u91cf10TB \u25a0Seagate Ironwolf Pro \u25a0\u5b89\u5fc3\u306e5\u5e74\u4fdd\u8a3c\u3067\u3059\u3002 \u25a0\u5bfe\u5fdc\u6a5f\u7a2e:LaCie 2big dock Thunderbolt3\u30016big\/12big Thunderbolt3\u30b7\u30ea\u30fc\u30ba(2B3APB\u30012B4APG\u30012HE9P3) \u25a0\u4f7f\u7528\u30c9\u30e9\u30a4\u30d6:Seagate Ironwolf Pro \u25a0\u30a4\u30f3\u30bf\u30fc\u30d5\u30a7\u30fc\u30b9:SATAIII \u25a0\u30c7\u30fc\u30bf\u9818\u57df\u5bb9\u91cf:10TB \u25a0\u30d5\u30a9\u30fc\u30e0\u30d5\u30a1\u30af\u30bf:3.5\u30a4\u30f3\u30c1 \u25a0\u30ad\u30e3\u30c3\u30b7\u30e5\u5bb9\u91cf:256MB \u25a0\u30c7\u30a3\u30b9\u30af\u56de\u8ee2\u6570:7200 \u25a0\u5916\u5f62\u5bf8\u6cd5:26.11\u00d7101.85\u00d7146.99mm(H\u00d7W\u00d7D) \u25a0\u91cd\u91cf:705g \u25a0\u6d88\u8cbb\u96fb\u529b:7.8W \u25a0\u52d5\u4f5c\u6642\u74b0\u5883\u6761\u4ef6:5\uff5e60\u2103 \u25a0\u4fdd\u7ba1\u6642\u74b0\u5883\u6761\u4ef6:-40\u2103\uff5e70\u2103 \u25a0\u4fdd\u8a3c\u671f\u9593:5\u5e74 \u25a0\u4ed8\u5c5e\u54c1:\u3054\u4f7f\u7528\u306e\u524d\u306b\u304a\u8aad\u307f\u304f\u3060\u3055\u3044 1\u679a<BR><BR>LaCie 2big dock\/6big\/12big Thunderbolt3\u30b7\u30ea\u30fc\u30ba\u7528\u306e\u30b9\u30da\u30a2\u30c9\u30e9\u30a4\u30d6\u3067\u3059\u3002\u5bb9\u91cf10TB \u5b89\u5fc3\u306e5\u5e74\u4fdd\u8a3c\u3067\u3059\u3002<BR><BR><\/p>\n<hr width=90% size=1><BR>\u5728\u5eab\u72b6\u6cc1 : \u304a\u53d6\u308a\u5bc4\u305b<BR><BR>\u6700\u5c0f\u53d7\u6ce8\u6570 : 1 <BR><BR><\/p>\n","protected":false},"excerpt":{"rendered":"<p>M-ZEL-ELDSDLB100NE<\/p>\n","protected":false},"featured_media":0,"template":"","meta":[],"product_brand":[],"product_cat":[11577],"product_tag":[],"class_list":{"0":"post-2065383","1":"product","2":"type-product","3":"status-publish","5":"product_cat-11577","7":"first","8":"instock","9":"taxable","10":"shipping-taxable","11":"purchasable","12":"product-type-simple"},"_links":{"self":[{"href":"https:\/\/akbd.jp\/index.php?rest_route=\/wp\/v2\/product\/2065383","targetHints":{"allow":["GET"]}}],"collection":[{"href":"https:\/\/akbd.jp\/index.php?rest_route=\/wp\/v2\/product"}],"about":[{"href":"https:\/\/akbd.jp\/index.php?rest_route=\/wp\/v2\/types\/product"}],"wp:attachment":[{"href":"https:\/\/akbd.jp\/index.php?rest_route=%2Fwp%2Fv2%2Fmedia&parent=2065383"}],"wp:term":[{"taxonomy":"product_brand","embeddable":true,"href":"https:\/\/akbd.jp\/index.php?rest_route=%2Fwp%2Fv2%2Fproduct_brand&post=2065383"},{"taxonomy":"product_cat","embeddable":true,"href":"https:\/\/akbd.jp\/index.php?rest_route=%2Fwp%2Fv2%2Fproduct_cat&post=2065383"},{"taxonomy":"product_tag","embeddable":true,"href":"https:\/\/akbd.jp\/index.php?rest_route=%2Fwp%2Fv2%2Fproduct_tag&post=2065383"}],"curies":[{"name":"wp","href":"https:\/\/api.w.org\/{rel}","templated":true}]}}