{"id":1744322,"date":"2025-07-29T00:22:37","date_gmt":"2025-07-28T15:22:37","guid":{"rendered":"https:\/\/www.akbd.jp\/?product=506970fujicolor-%e3%83%a1%e3%82%bf%e3%83%ab%e3%83%95%e3%82%a9%e3%83%88%e3%82%b9%e3%82%bf%e3%83%b3%e3%83%89-5501tl%e3%88%b1%e6%b5%85%e6%b2%bc%e5%95%86%e4%bc%9a"},"modified":"2025-08-12T00:23:34","modified_gmt":"2025-08-11T15:23:34","slug":"m-zqb-506970","status":"publish","type":"product","link":"https:\/\/akbd.jp\/?product=m-zqb-506970","title":{"rendered":"506970<BR>FUJICOLOR \u30e1\u30bf\u30eb\u30d5\u30a9\u30c8\u30b9\u30bf\u30f3\u30c9 5501TL<BR>\u3231\u6d45\u6cbc\u5546\u4f1a"},"content":{"rendered":"<p>\u30e1\u30fc\u30ab\u30fc : \u3231\u6d45\u6cbc\u5546\u4f1a<BR>\u5546\u54c1\u540d : FUJICOLOR \u30e1\u30bf\u30eb\u30d5\u30a9\u30c8\u30b9\u30bf\u30f3\u30c9 5501TL<BR>\u30e1\u30fc\u30ab\u30fc\u578b\u756a : 506970<BR>JAN : 4977466506970<BR><BR>SKU : M-ZQB-506970 (ZQB-506970)&#8221;<BR><BR><BR><BR><BR><\/p>\n<hr width=90% size=1><BR>\u30e1\u30fc\u30ab\u30fcURL : <a href=http:\/\/www.asanumashoukai.co.jp\/ target = new>http:\/\/www.asanumashoukai.co.jp\/<\/a><BR>\u5546\u54c1URL : <a href=https:\/\/www.asanumashoukai.co.jp\/c\/store\/picture-frame\/photo-stand\/4977466506970 target = new>https:\/\/www.asanumashoukai.co.jp\/c\/store\/picture-frame\/photo-stand\/4977466506970<\/a><BR><BR>\u5546\u54c1\u8a73\u7d30 :<BR>\u9ad8\u7d1a\u611f\u3042\u3075\u308c\u308b\u30e1\u30bf\u30eb\u30d5\u30a9\u30c8\u30b9\u30bf\u30f3\u30c9\u3002\u5199\u771f\u304c\u5f15\u304d\u7acb\u3064\u30b7\u30f3\u30d7\u30eb\u30c7\u30b6\u30a4\u30f3\u306e\u30e1\u30bf\u30eb\u30d5\u30ec\u30fc\u30e0\u3067\u3059\u3002\u80cc\u9762\u306f\u30d9\u30ed\u30a2\u751f\u5730\u3092\u4f7f\u7528\u3057\u3001\u9ad8\u7d1a\u611f\u306e\u3042\u308b\u4ed5\u7acb\u3066\u3067\u3059\u3002\u25a0\u30d5\u30ec\u30fc\u30e0\u5916\u5bf8:W127\u00d7H165\u00d7D10mm\u00d72\u25a0\u30d5\u30ec\u30fc\u30e0\u7a93\u5bf8:W82\u00d7H120mm\u00d72\u25a0\u91cd\u91cf:360g\u25a0\u5199\u771f\u30b5\u30a4\u30ba:L\u30b5\u30a4\u30ba\u00d72\u9762<BR><BR><BR><BR><\/p>\n<hr width=90% size=1><BR>\u5728\u5eab\u72b6\u6cc1 : \u304a\u53d6\u308a\u5bc4\u305b<BR><BR>\u6700\u5c0f\u53d7\u6ce8\u6570 : 1 <BR><BR><\/p>\n","protected":false},"excerpt":{"rendered":"<p>M-ZQB-506970<\/p>\n","protected":false},"featured_media":0,"template":"","meta":[],"product_brand":[],"product_cat":[12187],"product_tag":[],"class_list":{"0":"post-1744322","1":"product","2":"type-product","3":"status-publish","5":"product_cat-12187","7":"first","8":"instock","9":"taxable","10":"shipping-taxable","11":"purchasable","12":"product-type-simple"},"_links":{"self":[{"href":"https:\/\/akbd.jp\/index.php?rest_route=\/wp\/v2\/product\/1744322","targetHints":{"allow":["GET"]}}],"collection":[{"href":"https:\/\/akbd.jp\/index.php?rest_route=\/wp\/v2\/product"}],"about":[{"href":"https:\/\/akbd.jp\/index.php?rest_route=\/wp\/v2\/types\/product"}],"wp:attachment":[{"href":"https:\/\/akbd.jp\/index.php?rest_route=%2Fwp%2Fv2%2Fmedia&parent=1744322"}],"wp:term":[{"taxonomy":"product_brand","embeddable":true,"href":"https:\/\/akbd.jp\/index.php?rest_route=%2Fwp%2Fv2%2Fproduct_brand&post=1744322"},{"taxonomy":"product_cat","embeddable":true,"href":"https:\/\/akbd.jp\/index.php?rest_route=%2Fwp%2Fv2%2Fproduct_cat&post=1744322"},{"taxonomy":"product_tag","embeddable":true,"href":"https:\/\/akbd.jp\/index.php?rest_route=%2Fwp%2Fv2%2Fproduct_tag&post=1744322"}],"curies":[{"name":"wp","href":"https:\/\/api.w.org\/{rel}","templated":true}]}}